b - 20. Calculate the remainder when (-206)/(-14) + 6/21 - 5 is divided by b.
2
Suppose g = -4*s - 547, 4*s - 1531 - 617 = 4*g. Let h = -192 - g. Calculate the remainder when h is divided by 58.
57
Suppose -3*l + 12 = -3*y, 0 = -89*l + 84*l + 4*y + 23. Let c(d) = 5*d + 17. Calculate the remainder when c(6) is divided by l.
5
Suppose -684 - 317 = -7*g. Let o(r) = -10*r + 24. Let b be o(-30). Suppose -b - 156 = -10*i. Calculate the remainder when g is divided by i.
47
Let k(r) = r**2 - 43*r + 426. What is the remainder when 215 is divided by k(31)?
53
Let h(j) = 157*j + 1. Let t(p) = -3*p - 2. Let c be t(-1). Calculate the remainder when h(c) is divided by 23.
20
Let i = -235 + 235. Suppose 5*m + i*m = 2*v + 143, 5*m + 5*v = 150. What is the remainder when 52 is divided by m?
23
Let w(p) = -p**3 + 17*p**2 - 15*p + 11. Let i = -110 - -126. Calculate the remainder when w(i) is divided by 7.
6
Let i(a) = 4*a**2 - 4*a + 395. What is the remainder when i(-23) is divided by 62?
61
Let b = -10953 + 20655. What is the remainder when b is divided by 23?
19
Suppose -v + 6*v = 145. Let c(b) = 89. Let q(t) = t + 360. Let r(f) = 9*c(f) - 2*q(f). Calculate the remainder when v is divided by r(39).
2
Suppose -2*o + 18 = 3*n, -12 = 5*o - 2*n - 76. Suppose 0 = o*l - 5 + 17. What is the remainder when 0*(-3 + 2)/l + 173 is divided by 44?
41
Let m = -495 - -500. Let y(q) = -q**2 + 4*q + 18. Let x = 83 + -58. Calculate the remainder when x is divided by y(m).
12
Let k be (-2)/11 - 6/(198/22929). Let q = k - -719. What is the remainder when 93 is divided by q?
21
Let q = -17 - -9. Let m = q + 10. Suppose -35*k - 14 = -32*k - 5*y, k - y + 2 = 0. Calculate the remainder when m is divided by k.
0
What is the remainder when (-276)/(-966) - (-22256)/14 is divided by 69?
3
Suppose 16*y - 15*y = 304. Suppose -2*h + y = 2*h. Calculate the remainder when h is divided by 13*(-3)/(0 + -3).
11
Let m(n) = 13*n**2 - 6*n - 36. Let j(u) = 2*u**2 + u - 2. Let i(l) = -6*j(l) + m(l). Calculate the remainder when i(-7) is divided by 27.
1
Let w(d) = -172*d - 1540. What is the remainder when w(-9) is divided by 5?
3
Let r(l) = -l**3 + 17*l**2 + 83*l + 34. Suppose 3*i + 342 = 4*a, 6*i - 97 = -a + i. What is the remainder when a is divided by r(21)?
9
Let z(i) = i**3 - 7*i**2 - 8*i - 6. Let o be z(8). Suppose 366 + 388 = 74*m + 236. Calculate the remainder when m is divided by o/(-9)*9/2.
1
Suppose 100 = 11*t - 7*t + 3*c, -5*t + c + 125 = 0. Suppose 0 = 3*n - 2*n + 2*b - 123, 5*n - 2*b = 603. What is the remainder when n is divided by t?
21
Let x = 215 - 212. Let d(f) = -9 - 16 + 16 + 22*f. Calculate the remainder when d(x) is divided by 15.
12
Let i = 5885 + -5415. Calculate the remainder when i is divided by 162.
146
Suppose -2*f - 3*m = -18, -2*f + 34 = -3*m - 8. Calculate the remainder when 329 is divided by f.
14
Calculate the remainder when 1290 is divided by (-121)/(-7) + 18/24*(-8)/21.
15
Suppose 8*r = 2*r - 12. Calculate the remainder when 143 is divided by (3 + r)/((15/(-25))/(-3)).
3
What is the remainder when -6 - ((-17256)/36 - 6)*12 is divided by 291?
289
Suppose -c + 86 = 5. Let w = -72 + c. Calculate the remainder when 23/(-3)*(w - 3)/(-2) is divided by 5.
3
Suppose -1050*s = 5*b - 1054*s - 804, -s = -b + 162. Suppose -27 = -j + 29. What is the remainder when b is divided by j?
44
Suppose 3*u - u - 28 = 0. Let v(g) be the first derivative of 2*g**2 - 8*g + 867. What is the remainder when v(u) is divided by 10?
8
Calculate the remainder when (28/21)/(2/111) is divided by 5.
4
Suppose 9132 = 14*a + 480. Calculate the remainder when a is divided by 23.
20
Let l = 9367 - 4798. What is the remainder when l is divided by 2284?
1
Suppose -25*x + 21869 = 4325 - 7506. Calculate the remainder when x is divided by 115.
82
Suppose 4*q + 11*s - 13*s - 472 = 0, 367 = 3*q + 5*s. What is the remainder when 165 is divided by q?
46
Suppose -53*c - 46*c = -530640. Calculate the remainder when c is divided by 31.
28
Let z be (-72)/(-21)*(43 + -1). Let g = z + -115. Calculate the remainder when 47 is divided by g.
18
What is the remainder when 199 is divided by 10 + 48/(-3) + 58?
43
Let y be -1*(-4 - -1)*(-14 + 15). Suppose -3 = -5*u - y*j + 11, u - 12 = 4*j. Calculate the remainder when u is divided by (-33)/(-9) - (-4)/(-6).
1
Suppose 107*u - 2244 = 32*u + 156. Calculate the remainder when 59 is divided by u.
27
Let j = -27 + 43. Suppose 4*y + 3*s = 49, 6*s + 15 = 11*s. Calculate the remainder when (1/((-4)/(-63)))/(y/40) is divided by j.
15
Let s(c) = 5*c**2 - 87*c - 436. What is the remainder when 742 is divided by s(-5)?
122
Calculate the remainder when 88/(-154)*28*129/(-2) is divided by 13.
5
Let b(u) = 698*u + 11872. What is the remainder when (2/3)/(4/318) is divided by b(-17)?
5
Suppose 5*q - 435 = 3*i, -q - 103*i + 99*i = -64. Calculate the remainder when 409 is divided by q.
73
Let l(b) = -125*b + 12. Let u be l(-3). Let p = u - 344. Calculate the remainder when 70 is divided by p.
27
Suppose -41*c + 22 = -40*c. Let j(x) = -x**2 - 4*x + 146. Calculate the remainder when j(-12) is divided by c.
6
Let c = -1804 - -2085. Calculate the remainder when c is divided by 47.
46
Suppose 9 = d - t, 0 = -11*d + 6*d + 3*t + 43. Let a(x) = 23*x**2 - 2*x + 6. Calculate the remainder when a(2) is divided by 291/12 - (0 + 2)/d.
22
Suppose -1496 = -30*l - 14*l. What is the remainder when 1033 is divided by l?
13
Let w be 0/(-2)*4/8. Suppose 4*s = -w*s + 108. Let a = -1426 + 1500. Calculate the remainder when a is divided by s.
20
Let n(z) = -120*z + 718. Calculate the remainder when 699 is divided by n(5).
109
Let c = -255 - -583. Let w = c + -311. Calculate the remainder when 29 is divided by w.
12
Suppose -4*b + g = 4*g - 34, -19 = -3*b + g. Suppose 197 = -4*h - 463. Calculate the remainder when 0 - (h/20)/(2/8) is divided by b.
5
Let k(w) = 2*w**2 - 3*w + 7. What is the remainder when k(5) is divided by 276/(-230)*((-40)/3 + 0)?
10
Let j be ((-6)/4)/(9/(-60)). Let k be -9 + 1 + (-7 - 13)/(-5). Let g = j - k. Calculate the remainder when 54 is divided by g.
12
Let y = -70 + 117. Let o = 30 + y. Let n = o - 64. What is the remainder when 36 is divided by n?
10
Suppose -5*h + 2*w = -0*h - 166, -5*h = 4*w - 178. Calculate the remainder when 2/(4*(-1)/6) - -203 is divided by h.
30
Let y(q) = q**2 - q + 31. Let h be y(0). Let u = h - -18. Let x = -43 + u. Calculate the remainder when 16 is divided by x.
4
Let r = -762 - -535. Let t = r + 836. What is the remainder when t is divided by 102?
99
Suppose 0 = -5*c + z + 790, z - 713 = -4*c - 81. Let k(j) = -j**3 + 9*j**2 - 6*j + 2. Calculate the remainder when c is divided by k(8).
14
Let x(w) = 8*w + 124. Let y be x(-11). What is the remainder when 19 is divided by ((-15 + 11)/(-16))/(1/y)?
1
Let t be 5/((-25)/(-6))*10. Calculate the remainder when 184/(-80)*-15*2 is divided by t*3*1/2.
15
Let s(a) = -5*a**2 + 60*a - 49. Suppose 2*c + c = 1830. Calculate the remainder when c is divided by s(10).
49
Let c(x) = 22*x - 20. Calculate the remainder when c(3) is divided by 30 - 12*(-1)/(-4).
19
Let g(x) = 5*x**3 + x**2 + 3*x - 1. Suppose -3*m - 1 = -5*b - 2, -3*m + 2*b = -4. Calculate the remainder when g(m) is divided by (1 + (-26)/6)*-3.
9
Calculate the remainder when (-39 + 38)*214/(-2) is divided by 37.
33
Suppose -4*f = 2*i - 0*i - 12, f - 3 = -5*i. Suppose 26*v + 116 = 168. Calculate the remainder when 37 is divided by (i/v + 57/12)*4.
18
Suppose 4*j - 328 = 3*w + 883, 3*w + 607 = 2*j. Calculate the remainder when j is divided by 8.
6
Let a(o) be the first derivative of 3*o**2 - 49*o + 6. What is the remainder when 76 is divided by a(10)?
10
Suppose 2*t - t = 20. Suppose -2*a + 2*a = 2*a. Suppose a = 5*r + 6*k - 7*k - 50, -2*r + 5*k = -43. Calculate the remainder when t is divided by r.
2
Let y(h) be the second derivative of h**5/20 + 13*h**4/12 + 9*h**3/2 - 7*h**2 + 94*h. Calculate the remainder when 42 is divided by y(-10).
10
Let s(k) = 119 - 122 + 3*k + 21*k. Let y = 78 - 39. What is the remainder when y is divided by s(1)?
18
Let g(m) = -m**3 + 9*m**2 + 11*m + 60. What is the remainder when 275 is divided by g(10)?
65
Suppose -87*m + 6344 = -74*m. Suppose 732 = 10*i - m. What is the remainder when i is divided by 66?
56
Let j = 115 - 50. Calculat